[INFO] cloning repository https://github.com/Malien/luar
[INFO] running `Command { std: "git" "-c" "credential.helper=" "-c" "credential.helper=/workspace/cargo-home/bin/git-credential-null" "clone" "--bare" "https://github.com/Malien/luar" "/workspace/cache/git-repos/https%3A%2F%2Fgithub.com%2FMalien%2Fluar", kill_on_drop: false }`
[INFO] [stderr] Cloning into bare repository '/workspace/cache/git-repos/https%3A%2F%2Fgithub.com%2FMalien%2Fluar'...
[INFO] running `Command { std: "git" "rev-parse" "HEAD", kill_on_drop: false }`
[INFO] [stdout] e62155a4f93c9683da12b49393645e2fe0940e92
[INFO] checking Malien/luar against master#e6e4f7ed1589e03bc2f6c5931c1a72e7947e8682 for beta-170-4
[INFO] running `Command { std: "git" "clone" "/workspace/cache/git-repos/https%3A%2F%2Fgithub.com%2FMalien%2Fluar" "/workspace/builds/worker-5-tc2/source", kill_on_drop: false }`
[INFO] [stderr] Cloning into '/workspace/builds/worker-5-tc2/source'...
[INFO] [stderr] done.
[INFO] validating manifest of git repo https://github.com/Malien/luar on toolchain e6e4f7ed1589e03bc2f6c5931c1a72e7947e8682
[INFO] running `Command { std: CARGO_HOME="/workspace/cargo-home" RUSTUP_HOME="/workspace/rustup-home" "/workspace/cargo-home/bin/cargo" "+e6e4f7ed1589e03bc2f6c5931c1a72e7947e8682" "metadata" "--manifest-path" "Cargo.toml" "--no-deps", kill_on_drop: false }`
[INFO] started tweaking git repo https://github.com/Malien/luar
[INFO] finished tweaking git repo https://github.com/Malien/luar
[INFO] tweaked toml for git repo https://github.com/Malien/luar written to /workspace/builds/worker-5-tc2/source/Cargo.toml
[INFO] crate git repo https://github.com/Malien/luar already has a lockfile, it will not be regenerated
[INFO] running `Command { std: CARGO_HOME="/workspace/cargo-home" RUSTUP_HOME="/workspace/rustup-home" "/workspace/cargo-home/bin/cargo" "+e6e4f7ed1589e03bc2f6c5931c1a72e7947e8682" "fetch" "--manifest-path" "Cargo.toml", kill_on_drop: false }`
[INFO] running `Command { std: "docker" "create" "-v" "/var/lib/crater-agent-workspace/builds/worker-5-tc2/target:/opt/rustwide/target:rw,Z" "-v" "/var/lib/crater-agent-workspace/builds/worker-5-tc2/source:/opt/rustwide/workdir:ro,Z" "-v" "/var/lib/crater-agent-workspace/cargo-home:/opt/rustwide/cargo-home:ro,Z" "-v" "/var/lib/crater-agent-workspace/rustup-home:/opt/rustwide/rustup-home:ro,Z" "-e" "SOURCE_DIR=/opt/rustwide/workdir" "-e" "CARGO_TARGET_DIR=/opt/rustwide/target" "-e" "CARGO_HOME=/opt/rustwide/cargo-home" "-e" "RUSTUP_HOME=/opt/rustwide/rustup-home" "-w" "/opt/rustwide/workdir" "-m" "1610612736" "--user" "0:0" "--network" "none" "ghcr.io/rust-lang/crates-build-env/linux@sha256:5ff2268d62e97bff2cde7d5815dd6ed5b47097566f13b8d0ca110b04b60e07ed" "/opt/rustwide/cargo-home/bin/cargo" "+e6e4f7ed1589e03bc2f6c5931c1a72e7947e8682" "metadata" "--no-deps" "--format-version=1", kill_on_drop: false }`
[INFO] [stdout] 5a042f977c6a5e6cfef786a8058ef904fa8d15a8ede9c77ee2ef6a9d5b6ce527
[INFO] running `Command { std: "docker" "start" "-a" "5a042f977c6a5e6cfef786a8058ef904fa8d15a8ede9c77ee2ef6a9d5b6ce527", kill_on_drop: false }`
[INFO] running `Command { std: "docker" "inspect" "5a042f977c6a5e6cfef786a8058ef904fa8d15a8ede9c77ee2ef6a9d5b6ce527", kill_on_drop: false }`
[INFO] running `Command { std: "docker" "rm" "-f" "5a042f977c6a5e6cfef786a8058ef904fa8d15a8ede9c77ee2ef6a9d5b6ce527", kill_on_drop: false }`
[INFO] [stdout] 5a042f977c6a5e6cfef786a8058ef904fa8d15a8ede9c77ee2ef6a9d5b6ce527
[INFO] running `Command { std: "docker" "create" "-v" "/var/lib/crater-agent-workspace/builds/worker-5-tc2/target:/opt/rustwide/target:rw,Z" "-v" "/var/lib/crater-agent-workspace/builds/worker-5-tc2/source:/opt/rustwide/workdir:ro,Z" "-v" "/var/lib/crater-agent-workspace/cargo-home:/opt/rustwide/cargo-home:ro,Z" "-v" "/var/lib/crater-agent-workspace/rustup-home:/opt/rustwide/rustup-home:ro,Z" "-e" "SOURCE_DIR=/opt/rustwide/workdir" "-e" "CARGO_TARGET_DIR=/opt/rustwide/target" "-e" "CARGO_INCREMENTAL=0" "-e" "RUST_BACKTRACE=full" "-e" "RUSTFLAGS=--cap-lints=forbid" "-e" "RUSTDOCFLAGS=--cap-lints=forbid" "-e" "CARGO_HOME=/opt/rustwide/cargo-home" "-e" "RUSTUP_HOME=/opt/rustwide/rustup-home" "-w" "/opt/rustwide/workdir" "-m" "1610612736" "--user" "0:0" "--network" "none" "ghcr.io/rust-lang/crates-build-env/linux@sha256:5ff2268d62e97bff2cde7d5815dd6ed5b47097566f13b8d0ca110b04b60e07ed" "/opt/rustwide/cargo-home/bin/cargo" "+e6e4f7ed1589e03bc2f6c5931c1a72e7947e8682" "check" "--frozen" "--all" "--all-targets" "--message-format=json", kill_on_drop: false }`
[INFO] [stdout] 942de50a234fd11a4fa5ae717126dc382321377b12d233e1dc5a4cd3dfb052b3
[INFO] running `Command { std: "docker" "start" "-a" "942de50a234fd11a4fa5ae717126dc382321377b12d233e1dc5a4cd3dfb052b3", kill_on_drop: false }`
[INFO] [stderr]    Compiling proc-macro2 v1.0.24
[INFO] [stderr]    Compiling unicode-xid v0.2.1
[INFO] [stderr]    Compiling syn v1.0.67
[INFO] [stderr]    Compiling libc v0.2.81
[INFO] [stderr]    Compiling memchr v2.3.4
[INFO] [stderr]    Compiling getrandom v0.2.1
[INFO] [stderr]    Compiling serde_derive v1.0.118
[INFO] [stderr]    Compiling num-integer v0.1.44
[INFO] [stderr]    Compiling serde v1.0.118
[INFO] [stderr]     Checking regex-syntax v0.6.21
[INFO] [stderr]    Compiling log v0.4.11
[INFO] [stderr]     Checking cfg-if v0.1.10
[INFO] [stderr]    Compiling num-bigint v0.4.0
[INFO] [stderr]     Checking thread_local v1.0.1
[INFO] [stderr]    Compiling num-iter v0.1.42
[INFO] [stderr]    Compiling num-rational v0.4.0
[INFO] [stderr]     Checking num-complex v0.4.0
[INFO] [stderr]    Compiling utf8-ranges v1.0.4
[INFO] [stderr]    Compiling beef v0.5.0
[INFO] [stderr]    Compiling fnv v1.0.7
[INFO] [stderr]    Compiling peg-runtime v0.7.0
[INFO] [stderr]     Checking itertools v0.10.1
[INFO] [stderr]    Compiling ryu v1.0.5
[INFO] [stderr]     Checking itoa v0.4.6
[INFO] [stderr]    Compiling serde_json v1.0.60
[INFO] [stderr]    Compiling crossbeam-utils v0.8.8
[INFO] [stderr]    Compiling semver v1.0.7
[INFO] [stderr]     Checking approx v0.3.2
[INFO] [stderr]    Compiling memoffset v0.6.5
[INFO] [stderr]    Compiling crossbeam-epoch v0.9.8
[INFO] [stderr]    Compiling rayon-core v1.9.2
[INFO] [stderr]     Checking regex-automata v0.1.10
[INFO] [stderr]     Checking aho-corasick v0.7.15
[INFO] [stderr]    Compiling lua-src v544.0.1
[INFO] [stderr]    Compiling quote v1.0.7
[INFO] [stderr]    Compiling luajit-src v210.3.4+resty073ac54
[INFO] [stderr]    Compiling rayon v1.5.2
[INFO] [stderr]     Checking plotters-backend v0.3.2
[INFO] [stderr]     Checking csv-core v0.1.10
[INFO] [stderr]     Checking half v1.8.2
[INFO] [stderr]     Checking same-file v1.0.6
[INFO] [stderr]     Checking clap v2.34.0
[INFO] [stderr]    Compiling rustc_version v0.4.0
[INFO] [stderr]     Checking num_cpus v1.13.1
[INFO] [stderr]     Checking crossbeam-channel v0.5.4
[INFO] [stderr]     Checking rand_core v0.6.1
[INFO] [stderr]    Compiling mlua v0.7.4
[INFO] [stderr]     Checking plotters-svg v0.3.1
[INFO] [stderr]    Compiling peg-macros v0.7.0
[INFO] [stderr]     Checking atty v0.2.14
[INFO] [stderr]     Checking walkdir v2.3.2
[INFO] [stderr]     Checking rand v0.8.2
[INFO] [stderr]     Checking rustc-hash v1.1.0
[INFO] [stderr]     Checking crossbeam-deque v0.8.1
[INFO] [stderr]     Checking plotters v0.3.1
[INFO] [stderr]     Checking once_cell v1.10.0
[INFO] [stderr]     Checking oorandom v11.1.3
[INFO] [stderr]     Checking linked-hash-map v0.5.3
[INFO] [stderr]    Compiling cast v0.2.7
[INFO] [stderr]     Checking terminal_size v0.1.15
[INFO] [stderr]     Checking termios v0.3.3
[INFO] [stderr]    Compiling ntest_proc_macro_helper v0.7.5
[INFO] [stderr]     Checking dtoa v0.4.6
[INFO] [stderr]     Checking difference v2.0.0
[INFO] [stderr]     Checking yaml-rust v0.4.4
[INFO] [stderr]     Checking console v0.12.0
[INFO] [stderr]    Compiling unindent v0.1.7
[INFO] [stderr]    Compiling indoc v1.0.3
[INFO] [stderr]     Checking criterion-plot v0.4.4
[INFO] [stderr]     Checking num v0.4.0
[INFO] [stderr]     Checking regex v1.4.2
[INFO] [stderr]     Checking peg v0.7.0
[INFO] [stderr]     Checking env_logger v0.8.2
[INFO] [stderr]     Checking quickcheck v1.0.2
[INFO] [stderr]     Checking test_util v0.1.0 (/opt/rustwide/workdir/test_util)
[INFO] [stderr]     Checking non_empty v0.1.0 (/opt/rustwide/workdir/non_empty)
[INFO] [stderr]    Compiling thiserror-impl v1.0.30
[INFO] [stderr]    Compiling logos-derive v0.12.0
[INFO] [stderr]    Compiling quickcheck_macros v1.0.0
[INFO] [stderr]    Compiling enum-map-derive v0.8.0
[INFO] [stderr]    Compiling ntest_test_cases v0.7.5
[INFO] [stderr]     Checking enum-map v2.1.0
[INFO] [stderr]     Checking thiserror v1.0.30
[INFO] [stderr]     Checking logos v0.12.0
[INFO] [stderr]     Checking luar_lex v0.1.0 (/opt/rustwide/workdir/lex)
[INFO] [stderr]     Checking luar_syn v0.1.0 (/opt/rustwide/workdir/syn)
[INFO] [stderr]     Checking luar_error v0.1.0 (/opt/rustwide/workdir/error)
[INFO] [stderr]     Checking ast_vm v0.1.0 (/opt/rustwide/workdir/ast_vm)
[INFO] [stderr]     Checking decorum v0.3.1
[INFO] [stderr]     Checking bstr v0.2.15
[INFO] [stderr]     Checking serde_cbor v0.11.2
[INFO] [stderr]     Checking serde_yaml v0.8.14
[INFO] [stderr]     Checking reggie v0.1.0 (/opt/rustwide/workdir/reggie)
[INFO] [stderr]    Compiling toml v0.5.8
[INFO] [stdout] warning: private item shadows public glob re-export
[INFO] [stdout]   --> reggie/src/lib.rs:33:5
[INFO] [stdout]    |
[INFO] [stdout] 26 | pub use value::*;
[INFO] [stdout]    |         -------- the name `FromReturn` in the type namespace is supposed to be publicly re-exported here
[INFO] [stdout] ...
[INFO] [stdout] 33 | use value::FromReturn;
[INFO] [stdout]    |     ^^^^^^^^^^^^^^^^^ but the private item here shadows it
[INFO] [stdout]    |
[INFO] [stdout]    = note: `#[warn(hidden_glob_reexports)]` on by default
[INFO] [stdout] 
[INFO] [stdout] 
[INFO] [stderr]     Checking csv v1.1.6
[INFO] [stderr]     Checking tinytemplate v1.2.1
[INFO] [stderr]     Checking insta v1.3.0
[INFO] [stdout] warning: 1 warning emitted
[INFO] [stdout] 
[INFO] [stdout] 
[INFO] [stderr]     Checking criterion v0.3.5
[INFO] [stderr]    Compiling proc-macro-crate v1.1.3
[INFO] [stdout] warning: private item shadows public glob re-export
[INFO] [stdout]    --> syn/src/expr/mod.rs:119:1
[INFO] [stdout]     |
[INFO] [stdout] 10  |   pub use self::{function_call::*, op::*, table_constructor::*, var::*};
[INFO] [stdout]     |                                    ----- the name `test` in the type namespace is supposed to be publicly re-exported here
[INFO] [stdout] ...
[INFO] [stdout] 119 | / mod test {
[INFO] [stdout] 120 | |     use logos::Logos;
[INFO] [stdout] 121 | |     use luar_lex::Token;
[INFO] [stdout] 122 | |
[INFO] [stdout] ...   |
[INFO] [stdout] 187 | |     }
[INFO] [stdout] 188 | | }
[INFO] [stdout]     | |_^ but the private item here shadows it
[INFO] [stdout]     |
[INFO] [stdout]     = note: `#[warn(hidden_glob_reexports)]` on by default
[INFO] [stdout] 
[INFO] [stdout] 
[INFO] [stderr]    Compiling ntest_timeout v0.7.5
[INFO] [stdout] warning: 1 warning emitted
[INFO] [stdout] 
[INFO] [stdout] 
[INFO] [stderr]     Checking ntest v0.7.5
[INFO] [stdout] warning: private item shadows public glob re-export
[INFO] [stdout]   --> reggie/src/lib.rs:33:5
[INFO] [stdout]    |
[INFO] [stdout] 26 | pub use value::*;
[INFO] [stdout]    |         -------- the name `FromReturn` in the type namespace is supposed to be publicly re-exported here
[INFO] [stdout] ...
[INFO] [stdout] 33 | use value::FromReturn;
[INFO] [stdout]    |     ^^^^^^^^^^^^^^^^^ but the private item here shadows it
[INFO] [stdout]    |
[INFO] [stdout]    = note: `#[warn(hidden_glob_reexports)]` on by default
[INFO] [stdout] 
[INFO] [stdout] 
[INFO] [stderr]     Checking luar_tests v0.1.0 (/opt/rustwide/workdir/tests)
[INFO] [stdout] error: couldn't read tests/benches/execution/../lua_benches/heapsort.lua: No such file or directory (os error 2)
[INFO] [stdout]  --> tests/benches/execution/heapsort.rs:4:35
[INFO] [stdout]   |
[INFO] [stdout] 4 | static BENCH_FILE: &'static str = include_str!(concat!("../lua_benches/heapsort.lua"));
[INFO] [stdout]   |                                   ^^^^^^^^^^^^^^^^^^^^^^^^^^^^^^^^^^^^^^^^^^^^^^^^^^^^
[INFO] [stdout]   |
[INFO] [stdout]   = note: this error originates in the macro `include_str` (in Nightly builds, run with -Z macro-backtrace for more info)
[INFO] [stdout] 
[INFO] [stdout] 
[INFO] [stdout] error: couldn't read tests/benches/execution/../lua_benches/fib_rec.lua: No such file or directory (os error 2)
[INFO] [stdout]   --> tests/benches/execution/fib.rs:5:17
[INFO] [stdout]    |
[INFO] [stdout] 5  |                 include_str!(concat!("../lua_benches/", stringify!($name), ".lua"));
[INFO] [stdout]    |                 ^^^^^^^^^^^^^^^^^^^^^^^^^^^^^^^^^^^^^^^^^^^^^^^^^^^^^^^^^^^^^^^^^^^
[INFO] [stdout] ...
[INFO] [stdout] 75 | fib_bench!(fib_rec, [0,1,2,4,8,16]);
[INFO] [stdout]    | ----------------------------------- in this macro invocation
[INFO] [stdout]    |
[INFO] [stdout]    = note: this error originates in the macro `include_str` which comes from the expansion of the macro `fib_bench` (in Nightly builds, run with -Z macro-backtrace for more info)
[INFO] [stdout] 
[INFO] [stdout] 
[INFO] [stdout] error: couldn't read tests/benches/execution/../lua_benches/fib_tailrec.lua: No such file or directory (os error 2)
[INFO] [stdout]   --> tests/benches/execution/fib.rs:5:17
[INFO] [stdout]    |
[INFO] [stdout] 5  |                 include_str!(concat!("../lua_benches/", stringify!($name), ".lua"));
[INFO] [stdout]    |                 ^^^^^^^^^^^^^^^^^^^^^^^^^^^^^^^^^^^^^^^^^^^^^^^^^^^^^^^^^^^^^^^^^^^
[INFO] [stdout] ...
[INFO] [stdout] 76 | fib_bench!(fib_tailrec, [0,1,2,4,8,16,32,64,128]);
[INFO] [stdout]    | ------------------------------------------------- in this macro invocation
[INFO] [stdout]    |
[INFO] [stdout]    = note: this error originates in the macro `include_str` which comes from the expansion of the macro `fib_bench` (in Nightly builds, run with -Z macro-backtrace for more info)
[INFO] [stdout] 
[INFO] [stdout] 
[INFO] [stdout] error: couldn't read tests/benches/execution/../lua_benches/fib_loop.lua: No such file or directory (os error 2)
[INFO] [stdout]   --> tests/benches/execution/fib.rs:5:17
[INFO] [stdout]    |
[INFO] [stdout] 5  |                 include_str!(concat!("../lua_benches/", stringify!($name), ".lua"));
[INFO] [stdout]    |                 ^^^^^^^^^^^^^^^^^^^^^^^^^^^^^^^^^^^^^^^^^^^^^^^^^^^^^^^^^^^^^^^^^^^
[INFO] [stdout] ...
[INFO] [stdout] 77 | fib_bench!(fib_loop, [0,1,2,4,8,16,64,128]);
[INFO] [stdout]    | ------------------------------------------- in this macro invocation
[INFO] [stdout]    |
[INFO] [stdout]    = note: this error originates in the macro `include_str` which comes from the expansion of the macro `fib_bench` (in Nightly builds, run with -Z macro-backtrace for more info)
[INFO] [stdout] 
[INFO] [stdout] 
[INFO] [stdout] error: couldn't read tests/benches/./lua_benches/fib_rec.lua: No such file or directory (os error 2)
[INFO] [stdout]   --> tests/benches/parser.rs:6:43
[INFO] [stdout]    |
[INFO] [stdout] 6  |         static BENCH_FILE: &'static str = include_str!(concat!("./lua_benches/", $name, ".lua"));
[INFO] [stdout]    |                                           ^^^^^^^^^^^^^^^^^^^^^^^^^^^^^^^^^^^^^^^^^^^^^^^^^^^^^^
[INFO] [stdout] ...
[INFO] [stdout] 18 |     parser_bench!("fib_rec", group);
[INFO] [stdout]    |     ------------------------------- in this macro invocation
[INFO] [stdout]    |
[INFO] [stdout]    = note: this error originates in the macro `include_str` which comes from the expansion of the macro `parser_bench` (in Nightly builds, run with -Z macro-backtrace for more info)
[INFO] [stdout] 
[INFO] [stdout] 
[INFO] [stdout] error: couldn't read tests/benches/./lua_benches/fib_tailrec.lua: No such file or directory (os error 2)
[INFO] [stdout]   --> tests/benches/parser.rs:6:43
[INFO] [stdout]    |
[INFO] [stdout] 6  |         static BENCH_FILE: &'static str = include_str!(concat!("./lua_benches/", $name, ".lua"));
[INFO] [stdout]    |                                           ^^^^^^^^^^^^^^^^^^^^^^^^^^^^^^^^^^^^^^^^^^^^^^^^^^^^^^
[INFO] [stdout] ...
[INFO] [stdout] 19 |     parser_bench!("fib_tailrec", group);
[INFO] [stdout]    |     ----------------------------------- in this macro invocation
[INFO] [stdout]    |
[INFO] [stdout]    = note: this error originates in the macro `include_str` which comes from the expansion of the macro `parser_bench` (in Nightly builds, run with -Z macro-backtrace for more info)
[INFO] [stdout] 
[INFO] [stdout] 
[INFO] [stdout] error: couldn't read tests/benches/./lua_benches/fib_loop.lua: No such file or directory (os error 2)
[INFO] [stdout]   --> tests/benches/parser.rs:6:43
[INFO] [stdout]    |
[INFO] [stdout] 6  |         static BENCH_FILE: &'static str = include_str!(concat!("./lua_benches/", $name, ".lua"));
[INFO] [stdout]    |                                           ^^^^^^^^^^^^^^^^^^^^^^^^^^^^^^^^^^^^^^^^^^^^^^^^^^^^^^
[INFO] [stdout] ...
[INFO] [stdout] 20 |     parser_bench!("fib_loop", group);
[INFO] [stdout]    |     -------------------------------- in this macro invocation
[INFO] [stdout]    |
[INFO] [stdout]    = note: this error originates in the macro `include_str` which comes from the expansion of the macro `parser_bench` (in Nightly builds, run with -Z macro-backtrace for more info)
[INFO] [stdout] 
[INFO] [stdout] 
[INFO] [stdout] error: couldn't read tests/benches/./lua_benches/fib_rec.lua: No such file or directory (os error 2)
[INFO] [stdout]   --> tests/benches/parser.rs:6:43
[INFO] [stdout]    |
[INFO] [stdout] 6  |         static BENCH_FILE: &'static str = include_str!(concat!("./lua_benches/", $name, ".lua"));
[INFO] [stdout]    |                                           ^^^^^^^^^^^^^^^^^^^^^^^^^^^^^^^^^^^^^^^^^^^^^^^^^^^^^^
[INFO] [stdout] ...
[INFO] [stdout] 18 |     parser_bench!("fib_rec", group);
[INFO] [stdout]    |     ------------------------------- in this macro invocation
[INFO] [stdout]    |
[INFO] [stdout]    = note: this error originates in the macro `include_str` which comes from the expansion of the macro `parser_bench` (in Nightly builds, run with -Z macro-backtrace for more info)
[INFO] [stdout] 
[INFO] [stdout] 
[INFO] [stdout] error: couldn't read tests/benches/./lua_benches/fib_tailrec.lua: No such file or directory (os error 2)
[INFO] [stdout]   --> tests/benches/parser.rs:6:43
[INFO] [stdout]    |
[INFO] [stdout] 6  |         static BENCH_FILE: &'static str = include_str!(concat!("./lua_benches/", $name, ".lua"));
[INFO] [stdout]    |                                           ^^^^^^^^^^^^^^^^^^^^^^^^^^^^^^^^^^^^^^^^^^^^^^^^^^^^^^
[INFO] [stdout] ...
[INFO] [stdout] 19 |     parser_bench!("fib_tailrec", group);
[INFO] [stdout]    |     ----------------------------------- in this macro invocation
[INFO] [stdout]    |
[INFO] [stdout]    = note: this error originates in the macro `include_str` which comes from the expansion of the macro `parser_bench` (in Nightly builds, run with -Z macro-backtrace for more info)
[INFO] [stdout] 
[INFO] [stdout] 
[INFO] [stdout] error: couldn't read tests/benches/./lua_benches/fib_loop.lua: No such file or directory (os error 2)
[INFO] [stdout]   --> tests/benches/parser.rs:6:43
[INFO] [stdout]    |
[INFO] [stdout] 6  |         static BENCH_FILE: &'static str = include_str!(concat!("./lua_benches/", $name, ".lua"));
[INFO] [stdout]    |                                           ^^^^^^^^^^^^^^^^^^^^^^^^^^^^^^^^^^^^^^^^^^^^^^^^^^^^^^
[INFO] [stdout] ...
[INFO] [stdout] 20 |     parser_bench!("fib_loop", group);
[INFO] [stdout]    |     -------------------------------- in this macro invocation
[INFO] [stdout]    |
[INFO] [stdout]    = note: this error originates in the macro `include_str` which comes from the expansion of the macro `parser_bench` (in Nightly builds, run with -Z macro-backtrace for more info)
[INFO] [stdout] 
[INFO] [stdout] 
[INFO] [stdout] error[E0433]: failed to resolve: could not find `ast_vm` in `ast_vm`
[INFO] [stdout]   --> tests/benches/execution/fib.rs:17:31
[INFO] [stdout]    |
[INFO] [stdout] 17 |                     ::ast_vm::ast_vm::eval_module(&module, &mut context).unwrap();
[INFO] [stdout]    |                               ^^^^^^ could not find `ast_vm` in `ast_vm`
[INFO] [stdout] ...
[INFO] [stdout] 75 | fib_bench!(fib_rec, [0,1,2,4,8,16]);
[INFO] [stdout]    | ----------------------------------- in this macro invocation
[INFO] [stdout]    |
[INFO] [stdout]    = note: this error originates in the macro `fib_bench` (in Nightly builds, run with -Z macro-backtrace for more info)
[INFO] [stdout] 
[INFO] [stdout] 
[INFO] [stdout] error: aborting due to 3 previous errors
[INFO] [stdout] 
[INFO] [stdout] 
[INFO] [stdout] error[E0433]: failed to resolve: could not find `ast_vm` in `ast_vm`
[INFO] [stdout]   --> tests/benches/execution/fib.rs:17:31
[INFO] [stdout]    |
[INFO] [stdout] 17 |                     ::ast_vm::ast_vm::eval_module(&module, &mut context).unwrap();
[INFO] [stdout]    |                               ^^^^^^ could not find `ast_vm` in `ast_vm`
[INFO] [stdout] ...
[INFO] [stdout] 76 | fib_bench!(fib_tailrec, [0,1,2,4,8,16,32,64,128]);
[INFO] [stdout]    | ------------------------------------------------- in this macro invocation
[INFO] [stdout]    |
[INFO] [stdout]    = note: this error originates in the macro `fib_bench` (in Nightly builds, run with -Z macro-backtrace for more info)
[INFO] [stdout] 
[INFO] [stdout] 
[INFO] [stderr] error: could not compile `luar_tests` (bench "parser") due to 4 previous errors
[INFO] [stdout] error[E0433]: failed to resolve: could not find `ast_vm` in `ast_vm`
[INFO] [stdout]   --> tests/benches/execution/fib.rs:17:31
[INFO] [stdout]    |
[INFO] [stdout] 17 |                     ::ast_vm::ast_vm::eval_module(&module, &mut context).unwrap();
[INFO] [stdout]    |                               ^^^^^^ could not find `ast_vm` in `ast_vm`
[INFO] [stdout] ...
[INFO] [stdout] 77 | fib_bench!(fib_loop, [0,1,2,4,8,16,64,128]);
[INFO] [stdout]    | ------------------------------------------- in this macro invocation
[INFO] [stdout]    |
[INFO] [stdout]    = note: this error originates in the macro `fib_bench` (in Nightly builds, run with -Z macro-backtrace for more info)
[INFO] [stdout] 
[INFO] [stdout] 
[INFO] [stderr] warning: build failed, waiting for other jobs to finish...
[INFO] [stdout] error: aborting due to 10 previous errors
[INFO] [stdout] 
[INFO] [stdout] 
[INFO] [stdout] For more information about this error, try `rustc --explain E0433`.
[INFO] [stdout] 
[INFO] [stderr] error: could not compile `luar_tests` (bench "bench_main") due to 11 previous errors
[INFO] [stdout] warning: 1 warning emitted
[INFO] [stdout] 
[INFO] [stdout] 
[INFO] running `Command { std: "docker" "inspect" "942de50a234fd11a4fa5ae717126dc382321377b12d233e1dc5a4cd3dfb052b3", kill_on_drop: false }`
[INFO] running `Command { std: "docker" "rm" "-f" "942de50a234fd11a4fa5ae717126dc382321377b12d233e1dc5a4cd3dfb052b3", kill_on_drop: false }`
[INFO] [stdout] 942de50a234fd11a4fa5ae717126dc382321377b12d233e1dc5a4cd3dfb052b3
